{"id":54,"date":"2022-10-14T16:02:59","date_gmt":"2022-10-14T16:02:59","guid":{"rendered":"http:\/\/amvkarate.fr\/?page_id=54"},"modified":"2025-08-27T18:41:52","modified_gmt":"2025-08-27T18:41:52","slug":"horaires-des-cours","status":"publish","type":"page","link":"http:\/\/amvkarate.fr\/?page_id=54","title":{"rendered":"HORAIRES DES COURS"},"content":{"rendered":"\n<figure class=\"wp-block-table is-style-stripes\"><table><tbody><tr><td><\/td><td>Enfant de 4 \u00e0 7 ans<\/td><td>Enfant de 8 \u00e0 11 ans<\/td><td>Enfant de 12 \u00e0 17 ans<\/td><td>Adulte<\/td><td>Comp\u00e9titeur Kata<\/td><td>Comp\u00e9titeur combat<\/td><\/tr><tr><td>Mardi<\/td><td><\/td><td><\/td><td><\/td><td>19h30 \u00e0 21h00<\/td><td>18h30 \u00e0 20h00<\/td><td><\/td><\/tr><tr><td>Mercredi<\/td><td>15h00 \u00e0 16h00<\/td><td>16h00 \u00e0 17h00<\/td><td>17h00 \u00e0 18h30<\/td><td>19h30 \u00e0 21h00<\/td><td>18h30 \u00e0 20h00<\/td><td><\/td><\/tr><tr><td>Jeudi<\/td><td><\/td><td><\/td><td><\/td><td>19h30 \u00e0 21h00<\/td><td><\/td><td>18h00 \u00e0 19h30<\/td><\/tr><tr><td>Samedi<\/td><td>9h00 \u00e0 10h00<\/td><td>10h00 \u00e0 11h00<\/td><td>11h00 \u00e0 12h30<\/td><td>8h00 \u00e0 9h00<br>(Karat\u00e9 Sant\u00e9)<\/td><td>14h00 \u00e0 16h00<\/td><td>14h00 \u00e0 16h00<\/td><\/tr><\/tbody><\/table><figcaption class=\"wp-element-caption\">Les horaires des cours comp\u00e9tition peuvent \u00e9voluer pour v\u00e9rifier appeler Pierre<\/figcaption><\/figure>\n\n\n\n<figure class=\"wp-block-image size-large\"><img decoding=\"async\" loading=\"lazy\" width=\"1024\" height=\"723\" src=\"http:\/\/amvkarate.fr\/wp-content\/uploads\/2025\/08\/5-1-1024x723.png\" alt=\"\" class=\"wp-image-224\" srcset=\"http:\/\/amvkarate.fr\/wp-content\/uploads\/2025\/08\/5-1-1024x723.png 1024w, http:\/\/amvkarate.fr\/wp-content\/uploads\/2025\/08\/5-1-300x212.png 300w, http:\/\/amvkarate.fr\/wp-content\/uploads\/2025\/08\/5-1-768x542.png 768w, http:\/\/amvkarate.fr\/wp-content\/uploads\/2025\/08\/5-1-1536x1085.png 1536w, http:\/\/amvkarate.fr\/wp-content\/uploads\/2025\/08\/5-1-2048x1446.png 2048w\" sizes=\"(max-width: 1024px) 100vw, 1024px\" \/><figcaption class=\"wp-element-caption\">Cours Adulte 2024-2025<\/figcaption><\/figure>\n","protected":false},"excerpt":{"rendered":"<p>Enfant de 4 \u00e0 7 ans Enfant de 8 \u00e0 11 ans Enfant de 12 \u00e0 17 ans Adulte Comp\u00e9titeur Kata Comp\u00e9titeur combat Mardi 19h30 \u00e0 21h00 18h30 \u00e0 20h00 <a class=\"more-link\" href=\"http:\/\/amvkarate.fr\/?page_id=54\">Continue Reading &rarr;<\/a><\/p>\n","protected":false},"author":1,"featured_media":0,"parent":0,"menu_order":2,"comment_status":"closed","ping_status":"closed","template":"","meta":{"om_disable_all_campaigns":false,"_monsterinsights_skip_tracking":false,"_monsterinsights_sitenote_active":false,"_monsterinsights_sitenote_note":"","_monsterinsights_sitenote_category":0},"aioseo_notices":[],"_links":{"self":[{"href":"http:\/\/amvkarate.fr\/index.php?rest_route=\/wp\/v2\/pages\/54"}],"collection":[{"href":"http:\/\/amvkarate.fr\/index.php?rest_route=\/wp\/v2\/pages"}],"about":[{"href":"http:\/\/amvkarate.fr\/index.php?rest_route=\/wp\/v2\/types\/page"}],"author":[{"embeddable":true,"href":"http:\/\/amvkarate.fr\/index.php?rest_route=\/wp\/v2\/users\/1"}],"replies":[{"embeddable":true,"href":"http:\/\/amvkarate.fr\/index.php?rest_route=%2Fwp%2Fv2%2Fcomments&post=54"}],"version-history":[{"count":13,"href":"http:\/\/amvkarate.fr\/index.php?rest_route=\/wp\/v2\/pages\/54\/revisions"}],"predecessor-version":[{"id":229,"href":"http:\/\/amvkarate.fr\/index.php?rest_route=\/wp\/v2\/pages\/54\/revisions\/229"}],"wp:attachment":[{"href":"http:\/\/amvkarate.fr\/index.php?rest_route=%2Fwp%2Fv2%2Fmedia&parent=54"}],"curies":[{"name":"wp","href":"https:\/\/api.w.org\/{rel}","templated":true}]}}